03603127 composite?
True
Is 455873 composite?
True
Is 318737663 a composite number?
False
Is 13791103 composite?
False
Is 10287077 a prime number?
True
Is 138531073 a composite number?
False
Is 6030187 a composite number?
False
Is 2098953785 composite?
True
Is 30263777 composite?
False
Is 358337569 composite?
False
Is 11936233 prime?
True
Is 24194657 prime?
False
Is 16069237 composite?
True
Is 9013178 prime?
False
Is 539501 composite?
False
Is 2279273 composite?
True
Is 10396573 a composite number?
True
Is 7610627 composite?
False
Is 7344181 composite?
True
Is 13226861 composite?
False
Is 101712503 composite?
False
Is 2931457 composite?
False
Is 11920481 a prime number?
True
Is 14571541 composite?
False
Is 101666551 a composite number?
True
Is 1602319 prime?
False
Is 5185729 composite?
False
Is 209365771 prime?
False
Is 194651329 composite?
False
Is 29029907 a composite number?
True
Is 122498813 a prime number?
False
Is 201851071 composite?
False
Is 33302539 a prime number?
False
Is 7693505 a composite number?
True
Is 4270606 a composite number?
True
Is 81259159 composite?
True
Is 178169 prime?
True
Is 24409039 composite?
True
Is 58330759 a composite number?
True
Is 9263857 a prime number?
True
Is 1728527 prime?
True
Is 320587891 a composite number?
True
Is 2709893 a composite number?
True
Is 2389591 composite?
False
Is 642457 a prime number?
True
Is 14426579 prime?
True
Is 53784919 composite?
False
Is 82345103 a composite number?
False
Is 63326663 a composite number?
False
Is 117127897 a composite number?
True
Is 38214653 composite?
False
Is 154447037 composite?
False
Is 6543779 a prime number?
False
Is 17966101 composite?
True
Is 211147507 a prime number?
True
Is 68876279 a prime number?
False
Is 18605042 prime?
False
Is 171802473 composite?
True
Is 5100167 prime?
True
Is 1243367 a prime number?
True
Is 6877171 prime?
False
Is 5887078 composite?
True
Is 262894451 composite?
True
Is 15714799 a prime number?
False
Is 73293791 a prime number?
True
Is 19214651 a composite number?
False
Is 992623 prime?
True
Is 2192479 prime?
False
Is 3685467 a prime number?
False
Is 1662001 a composite number?
True
Is 2732057 a prime number?
False
Is 22204501 a prime number?
False
Is 14135977 composite?
False
Is 274069 a composite number?
False
Is 1241783 prime?
False
Is 4429273 a prime number?
True
Is 2745233 composite?
True
Is 33698057 composite?
False
Is 17209853 a composite number?
False
Is 1572062 a composite number?
True
Is 23339678 prime?
False
Is 35364419 a composite number?
False
Is 216991 composite?
False
Is 62497549 a prime number?
True
Is 2075847 prime?
False
Is 118973467 a composite number?
False
Is 897029 a composite number?
True
Is 1104056953 composite?
True
Is 11933111 a composite number?
True
Is 102924791 a composite number?
False
Is 59231171 composite?
False
Is 13443737 a prime number?
True
Is 9355909 composite?
True
Is 5411431 composite?
True
Is 2894461 a composite number?
True
Is 8838631 a composite number?
True
Is 76407239 prime?
True
Is 272842135 a prime number?
False
Is 43321087 composite?
True
Is 33537053 a composite number?
True
Is 390521 a prime number?
False
Is 1010245 composite?
True
Is 45493277 a composite number?
True
Is 107563 a prime number?
True
Is 280183 prime?
True
Is 15279367 a composite number?
True
Is 142981829 a prime number?
False
Is 4259111 a prime number?
False
Is 10728043 composite?
False
Is 1576193 composite?
True
Is 29835667 a prime number?
True
Is 4799779 prime?
False
Is 38536583 a composite number?
False
Is 4173414935 composite?
True
Is 1032881 a prime number?
True
Is 6676301 a prime number?
True
Is 14985559 a prime number?
False
Is 10290019 a prime number?
True
Is 193301 prime?
True
Is 242281541 composite?
False
Is 96643 a prime number?
True
Is 2682551 prime?
True
Is 861462781 composite?
False
Is 444743 composite?
True
Is 39586949 a prime number?
True
Is 1794263 composite?
True
Is 2721029 a composite number?
True
Is 6400921 composite?
False
Is 19000559 prime?
True
Is 30716411 a prime number?
False
Is 306990214 a composite number?
True
Is 3411641 prime?
True
Is 5812163 composite?
True
Is 2039005 a prime number?
False
Is 1854971531 a composite number?
True
Is 998885 a prime number?
False
Is 62732869 composite?
True
Is 98580883 prime?
True
Is 4098691 a composite number?
False
Is 982747 a prime number?
False
Is 905951 prime?
True
Is 1837826 a composite number?
True
Is 30432251 prime?
True
Is 788185 composite?
True
Is 7555543 a composite number?
True
Is 169469 composite?
True
Is 649523093 a prime number?
False
Is 4823489 a composite number?
True
Is 55684159 prime?
True
Is 1081679 a prime number?
True
Is 8503658 prime?
False
Is 387790919 composite?
False
Is 23413 prime?
False
Is 152454241 a composite number?
True
Is 1869653 prime?
False
Is 30900697 prime?
False
Is 24613403 a composite number?
False
Is 24821899 prime?
False
Is 9691961 a composite number?
True
Is 9546437 a composite number?
True
Is 9373759 composite?
False
Is 347045353 a prime number?
False
Is 1436537 composite?
False
Is 7319747 prime?
False
Is 24649319 a prime number?
True
Is 66982171 prime?
True
Is 10956817 a composite number?
False
Is 13069279 composite?
True
Is 13905947 a prime number?
False
Is 15063299 prime?
True
Is 8395769 a prime number?
True
Is 723851 a prime number?
True
Is 23032663 a prime number?
False
Is 925787 a composite number?
True
Is 1662907 composite?
True
Is 1300907 composite?
False
Is 61417879 composite?
True
Is 1330073 prime?
True
Is 2420687 a composite number?
False
Is 2119121 composite?
False
Is 53832841 prime?
False
Is 4345031 prime?
True
Is 6572351 prime?
True
Is 269497 a prime number?
False
Is 11023063 prime?
True
Is 26620477 composite?
True
Is 33771181 a prime number?
False
Is 1944097 composite?
True
Is 1356401 prime?
True
Is 96707047 a prime number?
True
Is 760040579 a composite number?
False
Is 11963857 a prime number?
True
Is 12602929 a prime number?
False
Is 57675103 a prime number?
True
Is 355961 a prime number?
False
Is 135553921 prime?
True
Is 169808113 composite?
False
Is 11108837 a prime number?
False
Is 3070019 prime?
False
Is 77753 composite?
True
Is 220534423 a composite number?
False
Is 42697423 a prime number?
False
Is 359837 prime?
True
Is 3046577 prime?
True
Is 226781837 composite?
False
Is 1334671 a composite number?
True
Is 12912569 a prime number?
False
Is 312598751 a composite number?
True
Is 3421993 a prime number?
True
Is 5324317 composite?
True
Is 38877821 composite?
False
Is 117560945 a prime number?
False
Is 679130131 composite?
True
Is 130602011 prime?
True
Is 187430159 a prime number?
False
Is 5511581 composite?
False
Is 87580769 a prime number?
True
Is 2112319 a composite number?
True
Is 2244439939 prime?
False
Is 2669249 a composite number?
True
Is 757369 a prime number?
False
Is 3350047 a prime number?
False
Is 1312733 composite?
False
Is 11076797 a prime number?
True
Is 610391 prime?
True
Is 4620557 prime?
True
Is 17359091 prime?
False
Is 2285929 prime?
True
Is 281661631 a prime number?
False
Is 193571513 prime?
True
Is 4493261 prime?
True
Is 108444499 a prime number?
False
Is 435645797 a composite number?
False
Is 3032691 a prime number?
False
Is 13871219 prime?
False
Is 2346991 prime?
False
Is 3977863 a prime number?
True
Is 74938273 a prime number?
True
Is 63591029 a composite number?
False
Is 108469069 composite?
True
Is 51124841 prime?
True
Is 21981367 composite?
True
Is 6926053 a prime number?
False
Is 10945679 composite?
False
Is 7022863 a prime number?
False
Is 100918 prime?
False
Is 1755637 a composite number?
True
Is 330114907 a composite number?
False
Is 16029421 composite?
False
Is 4563239 prime?
True
Is 824821 a prime number?
True
Is 6266041 a composite number?
True
Is 178357117 prime?
True
Is 31336469 prime?
True
Is 12995951 prime?
True
Is 4282051 a prime number?
True
Is 15890729 a composite number?
False
Is 89545057 prime?
False
Is 13109819 a prime number?
False
Is 3093539 a prime number?
True
Is 598198 composite?
True
Is 6329495 a prime number?
False
Is 7480507 prime?
False
Is 2355427 a composite number?
True
Is 5412581 prime?
True
Is 31533877 a composite number?
True
Is 519531 prime?
False
Is 502119479 a composite number?
True
Is 55526101 prime?
True
Is 17732881 a prime number